units digit of l(d)?
7
Let w be (-1)/5 - (-2005)/25. Suppose 0 = 4*u - 9*u + w. What is the tens digit of u?
1
Let q(o) = -o**2 - 8*o - 2. Let d(a) = -2*a + 2. Let n be 70/(-21)*6/(-5). Let r be d(n). What is the tens digit of q(r)?
1
Suppose 3*v - 7*q = -3*q - 6, 0 = 3*v + q + 21. Let r be (-1)/(3*(-1)/v). What is the units digit of (-30)/(-4) + r/(-4)?
8
Let l(r) = 4*r**2 - 5*r - 17. What is the tens digit of l(-6)?
5
Let s(j) = -j**3 - 2*j**2 - 2. Let y(h) = -h**3 + 6*h**2 + 2*h - 9. Let m be y(6). Let p = m - 6. What is the units digit of s(p)?
7
Let s(z) = -z**3 + 11*z**2 - 14*z - 1. What is the tens digit of s(6)?
9
Let c = 5 - 0. Let a(l) be the second derivative of l**3/3 - 3*l**2 - l. What is the units digit of a(c)?
4
Let z(l) = 1. Let u(o) = -2*o + 12. Let j(b) = -2*u(b) + 20*z(b). What is the tens digit of j(4)?
1
Let b = -10 + 14. Suppose 0 = h + 3*h - b. What is the units digit of h/((-12)/(-9) - 1)?
3
Suppose 4*b = -3*h + 11, h - 3 + 2 = 0. Suppose 0 = b*f - f. Suppose f = 4*r - 11 - 13. What is the units digit of r?
6
What is the tens digit of ((-2)/3)/((-2)/141)?
4
Suppose -2*m = -m - 4. Suppose 0 = -3*d + 1 + 14. Suppose d*q + 0*a = -5*a + 55, -m*a + 52 = 5*q. What is the units digit of q?
8
Suppose -4*i + 24 = 4*d, -30 = -4*i - 2*d - 8. Let x = 8 - i. Suppose 4*r - 5*w = 12, 0*w = -x*w. What is the units digit of r?
3
Let z(v) = 3*v**3 - 5*v**2 - v - 28. Let a(u) = 4*u**3 - 6*u**2 - u - 28. Let o(c) = 4*a(c) - 5*z(c). What is the tens digit of o(0)?
2
Suppose 4*a - 131 + 35 = 0. Suppose -2*d - 2*d = -a. Let q = d - 3. What is the units digit of q?
3
Let u(q) = q**2 + 7*q + 6. What is the units digit of u(-9)?
4
Suppose 0 = -3*m + 2*w - 3, -w = -4*m - 0*m + 1. What is the units digit of (m + -2)/(-1) - -8?
9
Let c = 112 - 35. What is the tens digit of c?
7
Suppose s + 1 - 6 = 0. What is the tens digit of 6/((s/(-3))/(-5))?
1
Let l(n) = -2*n**2 + 4 + 10*n + n**2 - 2. Let w be l(10). Suppose -72 + w = -5*k. What is the units digit of k?
4
Suppose 3*g - 25 = -2*g. Suppose -4*q + g*q - 8 = 0. What is the units digit of q?
8
Suppose 326 = -126*n + 127*n. What is the tens digit of n?
2
Let o = 2 - 5. Let p = o + 10. What is the units digit of p?
7
Suppose -f + 12 = 3*f. Let i be 40/(-16) + (-3)/(-2). Let y = f + i. What is the units digit of y?
2
Let j = -31 + 99. What is the tens digit of j?
6
Suppose 2*v + 0*v = 10. Suppose -3*o - 2*m - 6 = -v*o, 2*o = m + 3. Suppose o*i = -i + 6. What is the units digit of i?
6
Let j be (-1)/(-4) + (-291)/12. Let o be (-1)/(-1 + j/(-27)). What is the units digit of (3 - 2)*o + -1?
8
Let o(z) = -6*z - 4. Let k be o(-4). Suppose -k = 5*v - 9*v. What is the units digit of (v + -3)*-1 - -4?
2
Suppose 4*w - 4 = -4*r, -2*w + 2 = -4*r - 12. Suppose 3*i + 2*y - 5 = 0, 0 = w*i + 2*y - 6*y - 17. Suppose 2*a + i*a = 45. What is the units digit of a?
9
Suppose 2*k + d = 6*k - 531, -k - 4*d + 120 = 0. What is the units digit of k?
2
Let j(g) = -g**3 - 8*g**2 - 4*g + 13. What is the units digit of j(-8)?
5
Let h = 160 + -58. What is the tens digit of h?
0
Let u = 0 - -10. What is the units digit of u?
0
Let l = 0 - 3. Let j = l + 11. What is the units digit of j?
8
Let f(a) = a**2 + 2. Let d be f(0). Let m(u) = 12*u - 3. What is the tens digit of m(d)?
2
Let m be 6 + -3 - (-1 - -1). What is the units digit of -4 + 3 - (-35 + m)?
1
Suppose 0 = -2*v - v - 3*h - 9, -v - 3*h = 11. Let s = v - -1. What is the units digit of (8 - s/1)/2?
3
Suppose -3*x = -5*w - 988, x - 4*w = 6*x - 1585. Suppose -5*f + x = 116. Suppose -37 = -2*j - 5*h, -4*j + 3*h - 6 + f = 0. What is the units digit of j?
1
Let t be ((-8)/(-5))/((-4)/(-10)). Suppose -t*n = 3*b - 5*n - 30, 3*n + 24 = 3*b. Suppose 4*q - 33 - b = 0. What is the units digit of q?
1
What is the units digit of (-3 + (2 - 2))*-5?
5
Let p = -6 + 8. Let b be (-3 - -1)*(-1)/p. What is the units digit of 2*((-1)/b)/(-2)?
1
Suppose 9*h - 438 = -159. What is the units digit of h?
1
Let k = 111 - 59. What is the tens digit of k?
5
Let t(a) = -20*a + 10. What is the tens digit of t(-7)?
5
Let y(n) = n**2 - 6*n + 7. Let k = 8 - 3. Let z be y(k). Let x(u) = 2*u - 1. What is the units digit of x(z)?
3
Suppose 4*a = 4*b + 20, -2*b - 25 = -4*a + b. Let t(h) = -h**2 + 13*h - 8. What is the units digit of t(a)?
2
Let j(f) = -f - 13. Suppose 0 = -0*t + 4*t + 40. Let h be j(t). What is the units digit of 8 + 0*h/(-9)?
8
Let b(h) = -h**3 - 15*h**2 - 15*h - 3. Let x be b(-14). Let y(q) = -q**3 + 12*q**2 - 10*q - 5. What is the units digit of y(x)?
6
Suppose -166 = -11*p + 1264. What is the tens digit of p?
3
Let r = -35 + 67. Suppose -7*a = -3*a + r. Let z = a - -10. What is the units digit of z?
2
Let b(r) = -r**3 + r + 21. Let z be 0/((-3)/(-3) - 0). What is the units digit of b(z)?
1
Let f be 6*2*2/6. Suppose 3*n - 10 = -f*v, -8*n - v = -3*n - 11. Suppose q - 21 = -n*q. What is the units digit of q?
7
Suppose -3*g + 5*v = -6, -4*g - 3*v = -4*v - 25. Let r = g + -3. What is the units digit of r?
4
Let g = 4 - 4. Let d = 3 + g. Suppose n + 0*n = d, -4*o + n + 9 = 0. What is the units digit of o?
3
Let g be 4 + -6 - (0 + -2). Suppose -7*y + 28 = -5*y. Suppose g = -2*u + 4 + y. What is the units digit of u?
9
Let n = 27 + -9. Suppose 2*q = -4*k - 0*q + n, 5*k - 21 = -q. What is the units digit of k?
4
Let h be (-1 + -149)/3*-1. Suppose -3*j - 2*b = -0*j - h, -4*j - 3*b + 68 = 0. What is the units digit of j?
4
What is the units digit of (3/(-9))/((-10)/(-75))*-10?
5
Suppose 0 = -p + 2*p - 3. Let j be (12/(-10))/(p/(-75)). Suppose 0 = 5*s - 5*u - j, 2*s + 2*u - 12 = -2*s. What is the units digit of s?
4
Let k(i) = i**2 - 3*i + 4. What is the units digit of k(7)?
2
Suppose 828 = 4*j + 3*l, 2*j + 6*l - 404 = 2*l. What is the tens digit of j?
1
Let m be 19/4 + (-2)/(-8). Suppose -2 = 3*h - m. What is the units digit of h?
1
Let o(h) = -h**2 + 6*h - 2. Suppose 5*k - k + 20 = 0. Let g be (k/(-4))/(2/8). What is the units digit of o(g)?
3
Suppose 2 = -2*k, -5*k + 57 = 5*s - 3*s. What is the tens digit of s?
3
Suppose 3*z - 5*t - 27 = 0, -2*z - 3*t = 3*z - 11. Let l be (-15)/(-6)*z/(-2). What is the units digit of l/(-3) + 1/3?
2
Suppose -12*d - 250 = -17*d. What is the units digit of d?
0
Let x(c) = -5*c + 4. Let m be x(2). What is the units digit of (-12)/m + 2*12?
6
Let w(l) = -l + 10. Let g be w(8). Suppose 25 = g*x - 7*x. Let o(r) = -r**3 - 3*r**2 + 7*r + 2. What is the tens digit of o(x)?
1
Let w(g) = -g - 2. Let c(k) = -3*k - 6. Let y(v) = 4*c(v) - 11*w(v). Let r be y(-2). Suppose 0 = t - r - 7. What is the units digit of t?
7
Let s be (-3)/2 + 2/(-4). Let q(a) = -2*a**3 - 2*a**2 - 3*a - 3. What is the units digit of q(s)?
1
Suppose 5*c - 4*b = -99 + 524, 0 = -2*b - 10. Let d = c + -51. What is the tens digit of d?
3
Let v = 216 - -88. What is the hundreds digit of v?
3
Suppose 0 = 3*i - 34 + 1. What is the tens digit of i?
1
Let v(c) = 6*c**2 - c - 2. What is the tens digit of v(-2)?
2
Suppose 5*d - 4*d = 53. Suppose 0 = 5*t - 2*p - d, -5*t - p = -5*p - 61. What is the units digit of t?
9
Let q(i) be the first derivative of -i**3/3 + 7*i**2/2 - 4*i - 1. Let f(p) = -2*p**2 + 14*p - 7. Let u(z) = 3*f(z) - 5*q(z). What is the tens digit of u(4)?
1
Let y(n) = -n**2 - 8*n - 1. Let q be y(-9). Let g = q - -17. What is the units digit of g?
7
Let a(x) = 7*x + 41. What is the tens digit of a(17)?
6
Suppose 18 = f - 4*y, -3*y = -3*f - 4*y + 15. Let a(m) = m**3 - 5*m**2 - 8*m + 8. Let o be a(f). What is the units digit of (-14)/(-8) - 1/o?
2
Let g be 2/(-9) + (-140)/18. What is the tens digit of g/(-12)*39/2?
1
Let q = 48 - 8. What is the tens digit of q?
4
Let x be (-185)/(-35) + (-4)/14. Suppose 2*y + 2*b = 48, -x*y + 2*b + 96 = b. What is the units digit of (y/6)/((-7)/(-42))?
0
Suppose -4 = m, 10*l - 5*m = 5*l + 640. What is the tens digit of l?
2
Let k(z) = z**3 - 10*z**2 - z + 12. Let a be k(10). Suppose a*m + 6 = 2*t, t + 2*m + 18 = 5*t. What is the units digit of t?
6
Suppose -5*a - 7*c + 2*c = -50, -40 = -3*a - 5*c. Suppose 0 = 3*s - 2*y + a, 0 = s - 4*y + 2 + 13. What is the tens digit of s + -3 - (-56)/4?
1
Suppose -5*a + 3*t + 326 = 0, 192 = 3*a - t - 2*t. What is the units digit of a?
7
Suppose -32 = -a + 2*a. Let x = a - -10. Let o = -14 - x. What is the units digit of o?
8
Suppose